{"id":6404,"date":"2022-04-28T10:04:31","date_gmt":"2022-04-28T08:04:31","guid":{"rendered":"https:\/\/back-on-track.eu\/?page_id=6404"},"modified":"2024-09-09T17:38:07","modified_gmt":"2024-09-09T15:38:07","slug":"deutschland","status":"publish","type":"page","link":"https:\/\/back-on-track.eu\/de\/deutschland\/","title":{"rendered":"Deutsche Gruppe"},"content":{"rendered":"\n<p>Seit dem Schock des Ausstiegs der DB aus dem Nachtzuggesch\u00e4ft hat es in Deutschland viele Aktionen gegeben, unsere Initiative back-on-track.eu war von Anfang an dabei. Seit M\u00e4rz 2022 gibt es einen eingetragenen Verein, um als anerkannt gemeinn\u00fctzige NGO agieren zu k\u00f6nnen.<\/p>\n\n\n\n<figure class=\"wp-block-image size-large is-resized\"><a href=\"https:\/\/back-on-track.eu\/wp-content\/uploads\/2022\/04\/CC_0_Protest_for_more_night-trains_in_the_Berlin_main-station_2018-1-scaled.jpeg\"><img loading=\"lazy\" decoding=\"async\" width=\"2560\" height=\"1440\" src=\"https:\/\/back-on-track.eu\/wp-content\/uploads\/2022\/04\/CC_0_Protest_for_more_night-trains_in_the_Berlin_main-station_2018-1-scaled.jpeg\" alt=\"Gruppe mit Transparenten wie &quot;Z\u00fcge statt Fl\u00fcge&quot;, &quot;Save the night&quot;, einige ligend im Schlafsack im Berliner Hauptbahnhof\" class=\"wp-image-6310\" style=\"width:818px;height:460px\" srcset=\"https:\/\/back-on-track.eu\/wp-content\/uploads\/2022\/04\/CC_0_Protest_for_more_night-trains_in_the_Berlin_main-station_2018-1-scaled.jpeg 2560w, https:\/\/back-on-track.eu\/wp-content\/uploads\/2022\/04\/CC_0_Protest_for_more_night-trains_in_the_Berlin_main-station_2018-1-300x169.jpeg 300w\" sizes=\"auto, (max-width: 2560px) 100vw, 2560px\" \/><\/a><figcaption class=\"wp-element-caption\">Seit Jahren engagiert: Nachtzug-Aktivisten im Berliner Hauptbahnhof, 2018<\/figcaption><\/figure>\n\n\n\n<p>Back-on-Track Germany e.V. hat sich zum <strong>Ziel<\/strong> gesetzt, die deutsche \u00d6ffentlichkeit \u00fcber die M\u00f6glichkeiten zur Bew\u00e4ltigung der Klimakrise durch attraktivere von Nachtz\u00fcgen zu informieren &#8211; mit denen die  Treibhausgasemissionen im Verkehr deutlich reduziert werden k\u00f6nnten. Dazu wollen wir  Entscheidungstr\u00e4ger*innen \u00fcber die Hindernisse im grenz\u00fcberschreitenden Zugverkehr informieren und L\u00f6sungsvorschl\u00e4ge zu deren \u00dcberwindung im Rahmen des europ\u00e4ischen Netzwerks von Back on Track unterbreiten.<\/p>\n\n\n\n<p>Wir tun dies durch eine Reihe von <strong>Aktivit\u00e4ten<\/strong> wie Studien, Kampagnen, Konferenzen oder Networking und durch was immer unsere Mitglieder daf\u00fcr einbringen, unsere Ziele im Rahmen unserer Satzung zu erreichen. Mehr dazu in unserem letzten <a href=\"https:\/\/back-on-track.eu\/wp-content\/uploads\/2024\/09\/240909_B-o-T_DE_YR_2023.pdf\">Aktivit\u00e4tsbericht<\/a>.<\/p>\n\n\n\n<p>Und selbstredend setzen wir uns f\u00fcr mehr Nachtzug-Verbindungen ein: Seit September 2022 f\u00e4hrt auch die schwedische SJ von Stockholm nach Hamburg\/Berlin, es gibt neue Halte in Stuttgart und Ulm, eine Linie von Prag \u00fcber Dresden und Leipzig nach Freiburg, Basel und Z\u00fcrich. Mehr davon? \u2013&nbsp;Dann:<\/p>\n\n\n\n<h2 class=\"wp-block-heading\">Mach mit!<\/h2>\n\n\n\n<p>Wir freuen uns \u00fcber jede Unterst\u00fctzung, ob als aktives oder passives Mitglied. Auch Firmen k\u00f6nnen bei uns Mitglied werden.<\/p>\n\n\n\n<div class=\"wp-block-buttons is-layout-flex wp-block-buttons-is-layout-flex\">\n<div class=\"wp-block-button has-custom-font-size is-style-primary has-small-font-size\"><a class=\"wp-block-button__link wp-element-button\" href=\"https:\/\/back-on-track.eu\/de\/mitglied-werden\/\">Mitglied werden<\/a><\/div>\n\n\n\n<div class=\"wp-block-button has-custom-font-size is-style-secondary has-small-font-size\"><a class=\"wp-block-button__link wp-element-button\" href=\"https:\/\/back-on-track.eu\/de\/firmenmitglied-werden\/\">Firmenmitglied werden<\/a><\/div>\n<\/div>\n\n\n\n<p>  <\/p>\n\n\n\n<p><\/p>\n","protected":false},"excerpt":{"rendered":"<p>Seit dem Schock des Ausstiegs der DB aus dem Nachtzuggesch\u00e4ft hat es in Deutschland viele Aktionen gegeben, unsere Initiative back-on-track.eu war von Anfang an dabei. Seit M\u00e4rz 2022 gibt es einen eingetragenen Verein, um als anerkannt gemeinn\u00fctzige NGO agieren zu k\u00f6nnen. Back-on-Track Germany e.V. hat sich zum Ziel gesetzt, die deutsche \u00d6ffentlichkeit \u00fcber die M\u00f6glichkeiten&hellip;&nbsp;<a href=\"https:\/\/back-on-track.eu\/de\/deutschland\/\" rel=\"bookmark\">Mehr lesen &raquo;<span class=\"screen-reader-text\">Deutsche Gruppe<\/span><\/a><\/p>\n","protected":false},"author":10,"featured_media":0,"parent":0,"menu_order":0,"comment_status":"closed","ping_status":"closed","template":"","meta":{"_acf_changed":false,"inline_featured_image":false,"neve_meta_sidebar":"","neve_meta_container":"contained","neve_meta_enable_content_width":"on","neve_meta_content_width":70,"neve_meta_title_alignment":"","neve_meta_author_avatar":"","neve_post_elements_order":"","neve_meta_disable_header":"","neve_meta_disable_footer":"","neve_meta_disable_title":"","neve_meta_reading_time":"","_themeisle_gutenberg_block_has_review":false,"_ti_tpc_template_sync":false,"_ti_tpc_template_id":"","footnotes":""},"class_list":["post-6404","page","type-page","status-publish","hentry"],"acf":[],"_links":{"self":[{"href":"https:\/\/back-on-track.eu\/de\/wp-json\/wp\/v2\/pages\/6404","targetHints":{"allow":["GET"]}}],"collection":[{"href":"https:\/\/back-on-track.eu\/de\/wp-json\/wp\/v2\/pages"}],"about":[{"href":"https:\/\/back-on-track.eu\/de\/wp-json\/wp\/v2\/types\/page"}],"author":[{"embeddable":true,"href":"https:\/\/back-on-track.eu\/de\/wp-json\/wp\/v2\/users\/10"}],"replies":[{"embeddable":true,"href":"https:\/\/back-on-track.eu\/de\/wp-json\/wp\/v2\/comments?post=6404"}],"version-history":[{"count":26,"href":"https:\/\/back-on-track.eu\/de\/wp-json\/wp\/v2\/pages\/6404\/revisions"}],"predecessor-version":[{"id":20452,"href":"https:\/\/back-on-track.eu\/de\/wp-json\/wp\/v2\/pages\/6404\/revisions\/20452"}],"wp:attachment":[{"href":"https:\/\/back-on-track.eu\/de\/wp-json\/wp\/v2\/media?parent=6404"}],"curies":[{"name":"wp","href":"https:\/\/api.w.org\/{rel}","templated":true}]}}

<p>Seit dem Schock des Ausstiegs der DB aus dem Nachtzuggeschäft hat es in Deutschland viele Aktionen gegeben, unsere Initiative back-on-track.eu war von Anfang an dabei. Seit März 2022 gibt es einen eingetragenen Verein, um als anerkannt gemeinnützige NGO agieren zu können.</p>



<figure class="wp-block-image size-large is-resized"><a href="https://back-on-track.eu/wp-content/uploads/2022/04/CC_0_Protest_for_more_night-trains_in_the_Berlin_main-station_2018-1-scaled.jpeg"><img loading="lazy" decoding="async" width="2560" height="1440" src="https://back-on-track.eu/wp-content/uploads/2022/04/CC_0_Protest_for_more_night-trains_in_the_Berlin_main-station_2018-1-scaled.jpeg" alt="Gruppe mit Transparenten wie &quot;Züge statt Flüge&quot;, &quot;Save the night&quot;, einige ligend im Schlafsack im Berliner Hauptbahnhof" class="wp-image-6310" style="width:818px;height:460px" srcset="https://back-on-track.eu/wp-content/uploads/2022/04/CC_0_Protest_for_more_night-trains_in_the_Berlin_main-station_2018-1-scaled.jpeg 2560w, https://back-on-track.eu/wp-content/uploads/2022/04/CC_0_Protest_for_more_night-trains_in_the_Berlin_main-station_2018-1-300x169.jpeg 300w" sizes="auto, (max-width: 2560px) 100vw, 2560px" /></a><figcaption class="wp-element-caption">Seit Jahren engagiert: Nachtzug-Aktivisten im Berliner Hauptbahnhof, 2018</figcaption></figure>



<p>Back-on-Track Germany e.V. hat sich zum <strong>Ziel</strong> gesetzt, die deutsche Öffentlichkeit über die Möglichkeiten zur Bewältigung der Klimakrise durch attraktivere von Nachtzügen zu informieren &#8211; mit denen die  Treibhausgasemissionen im Verkehr deutlich reduziert werden könnten. Dazu wollen wir  Entscheidungsträger*innen über die Hindernisse im grenzüberschreitenden Zugverkehr informieren und Lösungsvorschläge zu deren Überwindung im Rahmen des europäischen Netzwerks von Back on Track unterbreiten.</p>



<p>Wir tun dies durch eine Reihe von <strong>Aktivitäten</strong> wie Studien, Kampagnen, Konferenzen oder Networking und durch was immer unsere Mitglieder dafür einbringen, unsere Ziele im Rahmen unserer Satzung zu erreichen. Mehr dazu in unserem letzten <a href="https://back-on-track.eu/wp-content/uploads/2024/09/240909_B-o-T_DE_YR_2023.pdf">Aktivitätsbericht</a>.</p>



<p>Und selbstredend setzen wir uns für mehr Nachtzug-Verbindungen ein: Seit September 2022 fährt auch die schwedische SJ von Stockholm nach Hamburg/Berlin, es gibt neue Halte in Stuttgart und Ulm, eine Linie von Prag über Dresden und Leipzig nach Freiburg, Basel und Zürich. Mehr davon? –&nbsp;Dann:</p>



<h2 class="wp-block-heading">Mach mit!</h2>



<p>Wir freuen uns über jede Unterstützung, ob als aktives oder passives Mitglied. Auch Firmen können bei uns Mitglied werden.</p>



<div class="wp-block-buttons is-layout-flex wp-block-buttons-is-layout-flex">
<div class="wp-block-button has-custom-font-size is-style-primary has-small-font-size"><a class="wp-block-button__link wp-element-button" href="https://back-on-track.eu/de/mitglied-werden/">Mitglied werden</a></div>



<div class="wp-block-button has-custom-font-size is-style-secondary has-small-font-size"><a class="wp-block-button__link wp-element-button" href="https://back-on-track.eu/de/firmenmitglied-werden/">Firmenmitglied werden</a></div>
</div>



<p>  </p>



<p></p>

<p>Seit dem Schock des Ausstiegs der DB aus dem Nachtzuggeschäft hat es in Deutschland viele Aktionen gegeben, unsere Initiative back-on-track.eu war von Anfang an dabei. Seit März 2022 gibt es einen eingetragenen Verein, um als anerkannt gemeinnützige NGO agieren zu können. Back-on-Track Germany e.V. hat sich zum Ziel gesetzt, die deutsche Öffentlichkeit über die Möglichkeiten&hellip;&nbsp;<a href="https://back-on-track.eu/de/deutschland/" rel="bookmark">Mehr lesen &raquo;<span class="screen-reader-text">Deutsche Gruppe</span></a></p>
