{"id":7889,"date":"2022-09-09T10:24:31","date_gmt":"2022-09-09T08:24:31","guid":{"rendered":"https:\/\/back-on-track.eu\/switzerland\/"},"modified":"2025-03-24T15:04:54","modified_gmt":"2025-03-24T14:04:54","slug":"suisse","status":"publish","type":"page","link":"https:\/\/back-on-track.eu\/fr\/suisse\/","title":{"rendered":"Groupe Suisse"},"content":{"rendered":"\n<p>C&rsquo;est aussi gr\u00e2ce \u00e0 l&rsquo;engagement de notre groupe suisse que les CFF sont entr\u00e9s dans le secteur des trains de nuit des \u00d6BB et que Zurich est devenu le premier hub Nightjet en dehors de l&rsquo;Autriche. Mais il reste encore beaucoup \u00e0 faire : Zurich-Barcelone, Zurich-Rome et bien d&rsquo;autres destinations sont \u00e0 l&rsquo;ordre du jour.<\/p>\n\n\n\n<p>L&rsquo;association <strong>Back-on-Track Switzerland <\/strong>a \u00e9t\u00e9 fond\u00e9e le 20 octobre 2023 avec les membres du comit\u00e9 directeur Sibylle Trenck-Germann et Carlo Severini. Nous coop\u00e9rons avec <a href=\"https:\/\/www.actif-trafic.ch\/taxonomy\/term\/115\" target=\"_blank\" rel=\"noreferrer noopener\">actif-trafiC<\/a>, une association ind\u00e9pendante en Suisse avec environ 40.000 soutiens, qui s&rsquo;engage depuis 1992 pour une mobilit\u00e9 durable.<\/p>\n\n\n\n<figure class=\"wp-block-image size-full\"><a href=\"https:\/\/back-on-track.eu\/wp-content\/uploads\/2025\/03\/Back-on-Track_Switzerland.jpg\"><img loading=\"lazy\" decoding=\"async\" width=\"2000\" height=\"1500\" src=\"https:\/\/back-on-track.eu\/wp-content\/uploads\/2025\/03\/Back-on-Track_Switzerland.jpg\" alt=\"Pyjama Party &amp; Silent Disco from 25 October 2024 at Zurich Main Station with umverkehR and Back-on-Track Switzerland\" class=\"wp-image-30207\" srcset=\"https:\/\/back-on-track.eu\/wp-content\/uploads\/2025\/03\/Back-on-Track_Switzerland.jpg 2000w, https:\/\/back-on-track.eu\/wp-content\/uploads\/2025\/03\/Back-on-Track_Switzerland-300x225.jpg 300w, https:\/\/back-on-track.eu\/wp-content\/uploads\/2025\/03\/Back-on-Track_Switzerland-1024x768.jpg 1024w, https:\/\/back-on-track.eu\/wp-content\/uploads\/2025\/03\/Back-on-Track_Switzerland-768x576.jpg 768w, https:\/\/back-on-track.eu\/wp-content\/uploads\/2025\/03\/Back-on-Track_Switzerland-1536x1152.jpg 1536w\" sizes=\"auto, (max-width: 2000px) 100vw, 2000px\" \/><\/a><\/figure>\n\n\n\n<p><em>Pyjama Party &amp; Silent Disco du 25 octobre 2024 \u00e0 la gare centrale de Zurich avec actif-trafiC et Back-on-Track Switzerland<\/em><\/p>\n\n\n\n<div class=\"wp-block-contact-form-7-contact-form-selector\">\n<div class=\"wpcf7 no-js\" id=\"wpcf7-f7541-o1\" lang=\"en-US\" dir=\"ltr\" data-wpcf7-id=\"7541\">\n<div class=\"screen-reader-response\"><p role=\"status\" aria-live=\"polite\" aria-atomic=\"true\"><\/p> <ul><\/ul><\/div>\n<form action=\"\/fr\/wp-json\/wp\/v2\/pages\/7889#wpcf7-f7541-o1\" method=\"post\" class=\"wpcf7-form init\" aria-label=\"Contact form\" novalidate=\"novalidate\" data-status=\"init\">\n<fieldset class=\"hidden-fields-container\"><input type=\"hidden\" name=\"_wpcf7\" value=\"7541\" \/><input type=\"hidden\" name=\"_wpcf7_version\" value=\"6.1.5\" \/><input type=\"hidden\" name=\"_wpcf7_locale\" value=\"en_US\" \/><input type=\"hidden\" name=\"_wpcf7_unit_tag\" value=\"wpcf7-f7541-o1\" \/><input type=\"hidden\" name=\"_wpcf7_container_post\" value=\"0\" \/><input type=\"hidden\" name=\"_wpcf7_posted_data_hash\" value=\"\" \/><input type=\"hidden\" name=\"_wpcf7cf_hidden_group_fields\" value=\"[]\" \/><input type=\"hidden\" name=\"_wpcf7cf_hidden_groups\" value=\"[]\" \/><input type=\"hidden\" name=\"_wpcf7cf_visible_groups\" value=\"[]\" \/><input type=\"hidden\" name=\"_wpcf7cf_repeaters\" value=\"[]\" \/><input type=\"hidden\" name=\"_wpcf7cf_steps\" value=\"{}\" \/><input type=\"hidden\" name=\"_wpcf7cf_options\" value=\"{&quot;form_id&quot;:7541,&quot;conditions&quot;:[],&quot;settings&quot;:{&quot;animation&quot;:&quot;yes&quot;,&quot;animation_intime&quot;:200,&quot;animation_outtime&quot;:200,&quot;conditions_ui&quot;:&quot;normal&quot;,&quot;notice_dismissed&quot;:false,&quot;notice_dismissed_rollback-cf7-5.9.2&quot;:true}}\" \/>\n<\/fieldset>\n<p><b>Yes, I'd like to join Back on Track Switzerland:<\/b>\n<\/p>\n<input class=\"wpcf7-form-control wpcf7-hidden\" value=\"1\" type=\"hidden\" name=\"your-contact_type\" \/>\n<input class=\"wpcf7-form-control wpcf7-hidden\" value=\"Swiss Group Membership Application\" type=\"hidden\" name=\"your-subject\" \/>\n<input class=\"wpcf7-form-control wpcf7-hidden\" value=\"Undisclosed\" type=\"hidden\" name=\"your-name\" \/>\n<p>Your First Name*\n<\/p>\n<p><span class=\"wpcf7-form-control-wrap\" data-name=\"your-firstname\"><input size=\"40\" maxlength=\"400\" class=\"wpcf7-form-control wpcf7-text wpcf7-validates-as-required\" aria-required=\"true\" aria-invalid=\"false\" value=\"\" type=\"text\" name=\"your-firstname\" \/><\/span>\n<\/p>\n<p>Your Surname*\n<\/p>\n<p><span class=\"wpcf7-form-control-wrap\" data-name=\"your-lastname\"><input size=\"40\" maxlength=\"400\" class=\"wpcf7-form-control wpcf7-text wpcf7-validates-as-required\" aria-required=\"true\" aria-invalid=\"false\" value=\"\" type=\"text\" name=\"your-lastname\" \/><\/span>\n<\/p>\n<p>Your E-Mail*\n<\/p>\n<p><span class=\"wpcf7-form-control-wrap\" data-name=\"your-email\"><input size=\"40\" maxlength=\"400\" class=\"wpcf7-form-control wpcf7-email wpcf7-validates-as-required wpcf7-text wpcf7-validates-as-email\" aria-required=\"true\" aria-invalid=\"false\" value=\"\" type=\"email\" name=\"your-email\" \/><\/span>\n<\/p>\n<p>Your Post Code*\n<\/p>\n<p><span class=\"wpcf7-form-control-wrap\" data-name=\"your-homeaddress_postcode\"><input size=\"40\" maxlength=\"400\" class=\"wpcf7-form-control wpcf7-text wpcf7-validates-as-required\" aria-required=\"true\" aria-invalid=\"false\" value=\"\" type=\"text\" name=\"your-homeaddress_postcode\" \/><\/span>\n<\/p>\n<p>Your Phone Number\n<\/p>\n<p><span class=\"wpcf7-form-control-wrap\" data-name=\"your-phone\"><input size=\"40\" maxlength=\"400\" class=\"wpcf7-form-control wpcf7-tel wpcf7-text wpcf7-validates-as-tel\" aria-invalid=\"false\" value=\"\" type=\"tel\" name=\"your-phone\" \/><\/span>\n<\/p>\n<p>Your Language Preference*\n<\/p>\n<p><span class=\"wpcf7-form-control-wrap\" data-name=\"your-language_preferred\"><select class=\"wpcf7-form-control wpcf7-select wpcf7-validates-as-required\" aria-required=\"true\" aria-invalid=\"false\" name=\"your-language_preferred\"><option value=\"\">&#8212;Please choose an option&#8212;<\/option><option value=\"Deutsch\">Deutsch<\/option><option value=\"Fran\u00e7ais\">Fran\u00e7ais<\/option><option value=\"Italiano\">Italiano<\/option><\/select><\/span>\n<\/p>\n<p><span class=\"wpcf7-form-control-wrap\" data-name=\"your-consent\"><span class=\"wpcf7-form-control wpcf7-acceptance\"><span class=\"wpcf7-list-item\"><label><input type=\"checkbox\" name=\"your-consent\" value=\"1\" aria-invalid=\"false\" \/><span class=\"wpcf7-list-item-label\">I accept the statutes and the processing of my data in the membership database.*<\/span><\/label><\/span><\/span><\/span>\n<\/p>\n<p>* = Mandatory information\n<\/p>\n<p><input class=\"wpcf7-form-control wpcf7-submit has-spinner\" type=\"submit\" value=\"Send\" \/>\n<\/p><p style=\"display: none !important;\" class=\"akismet-fields-container\" data-prefix=\"_wpcf7_ak_\"><label>&#916;<textarea name=\"_wpcf7_ak_hp_textarea\" cols=\"45\" rows=\"8\" maxlength=\"100\"><\/textarea><\/label><input type=\"hidden\" id=\"ak_js_1\" name=\"_wpcf7_ak_js\" value=\"54\"\/><script>\ndocument.getElementById( \"ak_js_1\" ).setAttribute( \"value\", ( new Date() ).getTime() );\n<\/script>\n<\/p><div class=\"wpcf7-response-output\" aria-hidden=\"true\"><\/div>\n<\/form>\n<\/div>\n<\/div>\n","protected":false},"excerpt":{"rendered":"<p>C&rsquo;est aussi gr\u00e2ce \u00e0 l&rsquo;engagement de notre groupe suisse que les CFF sont entr\u00e9s dans le secteur des trains de nuit des \u00d6BB et que Zurich est devenu le premier hub Nightjet en dehors de l&rsquo;Autriche. Mais il reste encore beaucoup \u00e0 faire : Zurich-Barcelone, Zurich-Rome et bien d&rsquo;autres destinations sont \u00e0 l&rsquo;ordre du jour.&hellip;&nbsp;<a href=\"https:\/\/back-on-track.eu\/fr\/suisse\/\" rel=\"bookmark\">Read More &raquo;<span class=\"screen-reader-text\">Groupe Suisse<\/span><\/a><\/p>\n","protected":false},"author":14,"featured_media":0,"parent":0,"menu_order":0,"comment_status":"closed","ping_status":"closed","template":"","meta":{"_acf_changed":false,"inline_featured_image":false,"neve_meta_sidebar":"","neve_meta_container":"contained","neve_meta_enable_content_width":"on","neve_meta_content_width":70,"neve_meta_title_alignment":"","neve_meta_author_avatar":"","neve_post_elements_order":"","neve_meta_disable_header":"","neve_meta_disable_footer":"","neve_meta_disable_title":"","neve_meta_reading_time":"","_themeisle_gutenberg_block_has_review":false,"_ti_tpc_template_sync":false,"_ti_tpc_template_id":"","footnotes":""},"class_list":["post-7889","page","type-page","status-publish","hentry"],"acf":[],"_links":{"self":[{"href":"https:\/\/back-on-track.eu\/fr\/wp-json\/wp\/v2\/pages\/7889","targetHints":{"allow":["GET"]}}],"collection":[{"href":"https:\/\/back-on-track.eu\/fr\/wp-json\/wp\/v2\/pages"}],"about":[{"href":"https:\/\/back-on-track.eu\/fr\/wp-json\/wp\/v2\/types\/page"}],"author":[{"embeddable":true,"href":"https:\/\/back-on-track.eu\/fr\/wp-json\/wp\/v2\/users\/14"}],"replies":[{"embeddable":true,"href":"https:\/\/back-on-track.eu\/fr\/wp-json\/wp\/v2\/comments?post=7889"}],"version-history":[{"count":11,"href":"https:\/\/back-on-track.eu\/fr\/wp-json\/wp\/v2\/pages\/7889\/revisions"}],"predecessor-version":[{"id":30395,"href":"https:\/\/back-on-track.eu\/fr\/wp-json\/wp\/v2\/pages\/7889\/revisions\/30395"}],"wp:attachment":[{"href":"https:\/\/back-on-track.eu\/fr\/wp-json\/wp\/v2\/media?parent=7889"}],"curies":[{"name":"wp","href":"https:\/\/api.w.org\/{rel}","templated":true}]}}

<p>C&rsquo;est aussi grâce à l&rsquo;engagement de notre groupe suisse que les CFF sont entrés dans le secteur des trains de nuit des ÖBB et que Zurich est devenu le premier hub Nightjet en dehors de l&rsquo;Autriche. Mais il reste encore beaucoup à faire : Zurich-Barcelone, Zurich-Rome et bien d&rsquo;autres destinations sont à l&rsquo;ordre du jour.</p>



<p>L&rsquo;association <strong>Back-on-Track Switzerland </strong>a été fondée le 20 octobre 2023 avec les membres du comité directeur Sibylle Trenck-Germann et Carlo Severini. Nous coopérons avec <a href="https://www.actif-trafic.ch/taxonomy/term/115" target="_blank" rel="noreferrer noopener">actif-trafiC</a>, une association indépendante en Suisse avec environ 40.000 soutiens, qui s&rsquo;engage depuis 1992 pour une mobilité durable.</p>



<figure class="wp-block-image size-full"><a href="https://back-on-track.eu/wp-content/uploads/2025/03/Back-on-Track_Switzerland.jpg"><img loading="lazy" decoding="async" width="2000" height="1500" src="https://back-on-track.eu/wp-content/uploads/2025/03/Back-on-Track_Switzerland.jpg" alt="Pyjama Party &amp; Silent Disco from 25 October 2024 at Zurich Main Station with umverkehR and Back-on-Track Switzerland" class="wp-image-30207" srcset="https://back-on-track.eu/wp-content/uploads/2025/03/Back-on-Track_Switzerland.jpg 2000w, https://back-on-track.eu/wp-content/uploads/2025/03/Back-on-Track_Switzerland-300x225.jpg 300w, https://back-on-track.eu/wp-content/uploads/2025/03/Back-on-Track_Switzerland-1024x768.jpg 1024w, https://back-on-track.eu/wp-content/uploads/2025/03/Back-on-Track_Switzerland-768x576.jpg 768w, https://back-on-track.eu/wp-content/uploads/2025/03/Back-on-Track_Switzerland-1536x1152.jpg 1536w" sizes="auto, (max-width: 2000px) 100vw, 2000px" /></a></figure>



<p><em>Pyjama Party &amp; Silent Disco du 25 octobre 2024 à la gare centrale de Zurich avec actif-trafiC et Back-on-Track Switzerland</em></p>



<div class="wp-block-contact-form-7-contact-form-selector">
<div class="wpcf7 no-js" id="wpcf7-f7541-o1" lang="en-US" dir="ltr" data-wpcf7-id="7541">
<div class="screen-reader-response"><p role="status" aria-live="polite" aria-atomic="true"></p> <ul></ul></div>
<form action="/fr/wp-json/wp/v2/pages/7889#wpcf7-f7541-o1" method="post" class="wpcf7-form init" aria-label="Contact form" novalidate="novalidate" data-status="init">
<fieldset class="hidden-fields-container"><input type="hidden" name="_wpcf7" value="7541" /><input type="hidden" name="_wpcf7_version" value="6.1.5" /><input type="hidden" name="_wpcf7_locale" value="en_US" /><input type="hidden" name="_wpcf7_unit_tag" value="wpcf7-f7541-o1" /><input type="hidden" name="_wpcf7_container_post" value="0" /><input type="hidden" name="_wpcf7_posted_data_hash" value="" /><input type="hidden" name="_wpcf7cf_hidden_group_fields" value="[]" /><input type="hidden" name="_wpcf7cf_hidden_groups" value="[]" /><input type="hidden" name="_wpcf7cf_visible_groups" value="[]" /><input type="hidden" name="_wpcf7cf_repeaters" value="[]" /><input type="hidden" name="_wpcf7cf_steps" value="{}" /><input type="hidden" name="_wpcf7cf_options" value="{&quot;form_id&quot;:7541,&quot;conditions&quot;:[],&quot;settings&quot;:{&quot;animation&quot;:&quot;yes&quot;,&quot;animation_intime&quot;:200,&quot;animation_outtime&quot;:200,&quot;conditions_ui&quot;:&quot;normal&quot;,&quot;notice_dismissed&quot;:false,&quot;notice_dismissed_rollback-cf7-5.9.2&quot;:true}}" />
</fieldset>
<p><b>Yes, I'd like to join Back on Track Switzerland:</b>
</p>
<input class="wpcf7-form-control wpcf7-hidden" value="1" type="hidden" name="your-contact_type" />
<input class="wpcf7-form-control wpcf7-hidden" value="Swiss Group Membership Application" type="hidden" name="your-subject" />
<input class="wpcf7-form-control wpcf7-hidden" value="Undisclosed" type="hidden" name="your-name" />
<p>Your First Name*
</p>
<p><span class="wpcf7-form-control-wrap" data-name="your-firstname"><input size="40" maxlength="400" class="wpcf7-form-control wpcf7-text wpcf7-validates-as-required" aria-required="true" aria-invalid="false" value="" type="text" name="your-firstname" /></span>
</p>
<p>Your Surname*
</p>
<p><span class="wpcf7-form-control-wrap" data-name="your-lastname"><input size="40" maxlength="400" class="wpcf7-form-control wpcf7-text wpcf7-validates-as-required" aria-required="true" aria-invalid="false" value="" type="text" name="your-lastname" /></span>
</p>
<p>Your E-Mail*
</p>
<p><span class="wpcf7-form-control-wrap" data-name="your-email"><input size="40" maxlength="400" class="wpcf7-form-control wpcf7-email wpcf7-validates-as-required wpcf7-text wpcf7-validates-as-email" aria-required="true" aria-invalid="false" value="" type="email" name="your-email" /></span>
</p>
<p>Your Post Code*
</p>
<p><span class="wpcf7-form-control-wrap" data-name="your-homeaddress_postcode"><input size="40" maxlength="400" class="wpcf7-form-control wpcf7-text wpcf7-validates-as-required" aria-required="true" aria-invalid="false" value="" type="text" name="your-homeaddress_postcode" /></span>
</p>
<p>Your Phone Number
</p>
<p><span class="wpcf7-form-control-wrap" data-name="your-phone"><input size="40" maxlength="400" class="wpcf7-form-control wpcf7-tel wpcf7-text wpcf7-validates-as-tel" aria-invalid="false" value="" type="tel" name="your-phone" /></span>
</p>
<p>Your Language Preference*
</p>
<p><span class="wpcf7-form-control-wrap" data-name="your-language_preferred"><select class="wpcf7-form-control wpcf7-select wpcf7-validates-as-required" aria-required="true" aria-invalid="false" name="your-language_preferred"><option value="">&#8212;Please choose an option&#8212;</option><option value="Deutsch">Deutsch</option><option value="Français">Français</option><option value="Italiano">Italiano</option></select></span>
</p>
<p><span class="wpcf7-form-control-wrap" data-name="your-consent"><span class="wpcf7-form-control wpcf7-acceptance"><span class="wpcf7-list-item"><label><input type="checkbox" name="your-consent" value="1" aria-invalid="false" /><span class="wpcf7-list-item-label">I accept the statutes and the processing of my data in the membership database.*</span></label></span></span></span>
</p>
<p>* = Mandatory information
</p>
<p><input class="wpcf7-form-control wpcf7-submit has-spinner" type="submit" value="Send" />
</p><p style="display: none !important;" class="akismet-fields-container" data-prefix="_wpcf7_ak_"><label>&#916;<textarea name="_wpcf7_ak_hp_textarea" cols="45" rows="8" maxlength="100"></textarea></label><input type="hidden" id="ak_js_1" name="_wpcf7_ak_js" value="54"/><script>
document.getElementById( "ak_js_1" ).setAttribute( "value", ( new Date() ).getTime() );
</script>
</p><div class="wpcf7-response-output" aria-hidden="true"></div>
</form>
</div>
</div>

<p>C&rsquo;est aussi grâce à l&rsquo;engagement de notre groupe suisse que les CFF sont entrés dans le secteur des trains de nuit des ÖBB et que Zurich est devenu le premier hub Nightjet en dehors de l&rsquo;Autriche. Mais il reste encore beaucoup à faire : Zurich-Barcelone, Zurich-Rome et bien d&rsquo;autres destinations sont à l&rsquo;ordre du jour.&hellip;&nbsp;<a href="https://back-on-track.eu/fr/suisse/" rel="bookmark">Read More &raquo;<span class="screen-reader-text">Groupe Suisse</span></a></p>
